(a) be the third derivative of a**5/60 + a**4/24 - a**3/3 + 2*a**2. Calculate c(p).
-2
Let o(q) = -q**2 + 7*q + 13. Let y(t) = 1. Let c(n) = -o(n) + 2*y(n). What is c(8)?
-3
Let u(v) = -2*v - 17. Let t be u(-8). Let f(a) = -27*a - 1. Determine f(t).
26
Let k(s) be the first derivative of -s**4/4 - 7*s**3/3 - s**2 - 8*s + 34. Let g = 21 - 28. Give k(g).
6
Let x(c) = 9*c - 8*c**2 + 38 - 14 - 10 - c**3 - 22. Let f be (-2)/3 + (-25)/3. What is x(f)?
-8
Let m(d) = 7*d + 3. Let g be ((-1316)/98 - -6) + (-3)/(-7). What is m(g)?
-46
Suppose -4*s - 34 = -2*y, -3*y + 21 = 3*s - 12. Let o(i) = -i**3 + 14*i**2 - 13*i. What is o(y)?
0
Suppose -4*z + 4 = -s, 2*z - 6*z + 2*s = 0. Let k(l) be the third derivative of -1/60*l**6 - 1/60*l**5 + l**z + 0*l + 0 - 1/24*l**4 + 0*l**3. Calculate k(-1).
2
Let p(n) = n**3 - 12*n**2 + 9*n + 10. Suppose 10*f = 52 + 58. What is p(f)?
-12
Let m = -2307 - -2303. Let d(y) be the second derivative of y**5/20 + y**4/4 - y**3/2 + 5*y**2/2 + 2*y. Determine d(m).
1
Let l(o) = -2*o + 2. Let d(q) = -10*q + 9. Let a(v) = 2*d(v) - 11*l(v). Suppose -f + 5*c - 169 = 3*f, f + 16 = -4*c. Let g = -31 - f. Give a(g).
6
Let s(j) be the first derivative of -j**2 + 4*j - 2. Let w = -150 + 154. Calculate s(w).
-4
Let z(w) be the third derivative of w**4/8 + 2*w**3/3 - 2*w**2 - 38. Give z(-8).
-20
Let w(m) = -m**2 + 15*m - 12. Let j = -1482 - -1493. Determine w(j).
32
Let g(b) = b**3 - 7*b**2 + b - 9. Let l(n) = -n**3 - 11*n**2 + 2*n + 20. Let i be l(-11). Let s be (-20)/i + 9/(-3). Determine g(s).
-2
Let g(b) = -29*b - 29. Let z be g(-1). Let q(h) be the third derivative of 5/24*h**4 + 5/6*h**3 - 1/120*h**6 - 1/15*h**5 + z*h + 7*h**2 + 0. What is q(-5)?
5
Let m(h) = -27*h**3 + h**2 - 1. Let k be m(-1). Let j = k - 27. Let q(i) = i**3 + i**2 - i + 9. Determine q(j).
9
Suppose -3*v - 24 = 5*m - 8*m, -v + 4*m = 14. Let x(k) = -k**3 - 7*k**2 - 8*k - 4. Give x(v).
8
Let m(l) = -l**2 - 3. Let n be m(-4). Let f = -32 - n. Let d = f + 13. Let p(a) = -a**3 - 2. Calculate p(d).
-2
Let g(b) = 2*b**2 - b - 2. Let y(a) = a + 10. Let p be y(4). Suppose 3*q - p = q - 2*f, -13 = q - 4*f. Calculate g(q).
13
Let q(o) = o**3 + 4*o**2 + 2*o + 3. Suppose -l = 2*n - 3*l - 54, -n = -5*l - 31. Let s = n - 51. Let v = 23 + s. Determine q(v).
7
Let k be -4 + 4 - (-12)/18. Let v(w) be the first derivative of -1/2*w**4 + w + 2 + k*w**3 - w**2. Give v(1).
-1
Let z(p) be the first derivative of -p**2 - 8*p - 500. Determine z(-6).
4
Let n be -2 + (-7)/((-14)/4). Let r = n - -3. Let s(a) = 23*a**2 + a**r - a - 8*a**2 - 13*a**2 - 1. Calculate s(-2).
1
Let s(q) = 9*q**2 + q. Let f = 3 - -7. Suppose -5*u + 6 = -l - 2, f = u - 3*l. Give s(u).
10
Suppose 41*b + 25*b - 726 = 0. Let v(m) = m**2 - 7*m + 5. Determine v(b).
49
Suppose 0 = 4*d - 3*w - 16, 0 = d + w + 8 - 12. Let a(r) be the first derivative of r**4/4 - 5*r**3/3 + 5*r**2/2 - 3. Give a(d).
4
Let x(j) = j - 2. Let k be x(2). Let u(s) = -s - 2*s + 2*s - 5. Determine u(k).
-5
Let a(y) = y**3 + 11*y**2 - 13*y - 9. Suppose 0 = -2*b - 172 + 148. Determine a(b).
3
Let d(k) be the second derivative of -k**5/120 - 11*k**4/24 + 2*k**3 - 11*k. Let v(y) be the second derivative of d(y). What is v(-6)?
-5
Let s(d) = -d - 2. Let k be 4/(-14) + (1235/(-7))/(-5). Suppose -k = -19*u + 60. Calculate s(u).
-7
Let a(w) = w + 9. Let z be (-4)/14 + 120/28. Suppose x = 4*j - 3*j + 1, 0 = -4*x + z. Give a(j).
9
Let q(i) be the third derivative of i**5/60 + i**4/24 - i**3/2 + 9*i**2 + i. What is q(-3)?
3
Let x = -1/246 - -251/1230. Let a(d) be the third derivative of -2*d**2 + 0 + 1/6*d**3 + x*d**5 + 0*d**4 + 0*d. Calculate a(1).
13
Let m = -533 - -535. Let n(o) = -2*o**2 - 3*o + 2. What is n(m)?
-12
Suppose 37 = 3*b - 5*x, 5*b - x - 45 = 4*x. Suppose 5*o = -0*o - 5*y - 30, -b*o - 19 = -y. Let p(t) = t + 2*t + 6 + t**2 + 2*t. What is p(o)?
6
Let j(t) be the first derivative of -t**2 + 3*t + 1. Let p be 11/((-88)/(-60))*2/3. Determine j(p).
-7
Suppose z + 3*z = 108. Let l be (6*6/z)/(2/(-3)). Let c(q) = -q**3 - 2*q**2 - q + 1. Determine c(l).
3
Suppose -35 = -o + 5*d - 3*d, -158 = -4*o + 2*d. Let i = o + -37. Let u be -1 - 4/(i/(-3)). Let r(b) = -b**2 - b + 2. Calculate r(u).
-4
Suppose 2*f + 29 - 37 = 0. Let p(u) = u - 6. Calculate p(f).
-2
Let o be 3/(-6) + (-77)/14 + 2. Let u(z) = 3*z + 13. Determine u(o).
1
Let r(d) = d**2 - 4*d + 4. Suppose -7*f + 325 = -2*f. Let u = f - 60. Give r(u).
9
Let q be -15 + 10 + 0/(0 - 1). Let j(w) = 2*w**3 + 5*w**2 + w + 4. Let l(c) = 4*c**3 + 10*c**2 + 3*c + 8. Let u(z) = q*j(z) + 3*l(z). Calculate u(-3).
-17
Let a(x) = x**2 - 17*x + 4. Let p be a(17). Let y(g) = -8*g + 4. Give y(p).
-28
Let d(f) = 0 + f + f + f**2 - 2*f**3 + 1. Let k be 546/(-143) + (-4)/22. Let a = k - -3. Give d(a).
2
Let m be 0 + -3 + (-2 - -6). Let o = -1 + m. Let p(n) = -3*n**2 - 15 + 4*n**2 + n + 8 - n**3. Calculate p(o).
-7
Let d(j) = -j**3 - 8*j**2 - 6*j + 6. Let z(u) = 18*u - 115. Let c be z(6). Give d(c).
-1
Suppose 44*a - 41*a + 3 = 0. Let v(w) = -w**3 - 4*w**2 + 8*w - 10. Let j(m) = -m**2 + m - 1. Let d(g) = a*v(g) + 6*j(g). What is d(3)?
7
Suppose -3*w - 2*w = 0. Let z(v) = 3*v + w*v + 0 - 6*v - v**2 + 5. Suppose 4*o + 3*h = 3*o + 2, -h - 14 = 4*o. Determine z(o).
1
Let q = -15 - -16. Let k be -2*q*(-9)/(-18). Let l = -4 - k. Let a(u) = -u**3 - 2*u**2 + u + 4. Determine a(l).
10
Let j(r) be the first derivative of -r**4/4 + r**3 + 2*r**2 - 8*r - 14. Let s be j(4). Let w(k) = -2*k - 7. Determine w(s).
9
Let g(c) = 82*c**2 + 0*c - 39*c**2 - 45*c**2 + 3*c. Give g(2).
-2
Let x(r) = r - 14. Suppose w = -4*k + 53, 2*w = -4*k + 31 + 19. Suppose 0 = g + 3*f + 8, -5*f = g + 4 + k. Give x(g).
-7
Let n(u) = u**2 - 5*u - 16. Let w = 2515 - 2508. Determine n(w).
-2
Let c(b) = -b**2 - 7*b + 2. Let n be c(-6). Let u(q) = -1 + 14 - 8 - n + q. Give u(6).
3
Let y(i) = -5*i**2 - 3*i + 1. Let t(x) = x**2 + x. Let p(w) = -10*t(w) - 3*y(w). Determine p(-2).
19
Let b(n) be the first derivative of -1/3*n**3 - 3*n**2 - 4*n + 19. Give b(-6).
-4
Suppose 0*o = -7*o - 28. Let k be (5/15)/((-2)/(-18)). Let x(d) = d**k - 2*d**2 - 2*d - 2 + 5*d**2 + 0*d. Calculate x(o).
-10
Let n(q) be the second derivative of -q**5/20 - q**4/3 + 2*q**3/3 - q. Let h(f) = -f + 6 - 17 + 11. Let w(o) = 4*h(o) + n(o). Calculate w(-3).
-9
Let u(v) be the third derivative of -59*v**5/60 - v**4/24 + v**3/6 + 331*v**2. Calculate u(1).
-59
Suppose -58*w + 18 = -67*w. Let x(i) = -4*i**2 + 2*i + 3. Calculate x(w).
-17
Let s(f) = -f**3 + f**2 + 8*f - 11. Let g be s(3). Let o(q) = -q**2 + 2*q - 9. Let x(a) = -a**2 + 3*a - 10. Let j(n) = g*o(n) + 4*x(n). Determine j(-5).
20
Let k(p) be the third derivative of 0*p + 7/6*p**3 - 1/3*p**4 + 1/60*p**5 + 0 + 3*p**2. Suppose 0 = m + 5*v - 32, -m - 40 = -6*m - v. What is k(m)?
0
Let v be 18/(-2) - (5 - 5). Let u be (33/v + 3)/((-2)/(-15)). Let p(l) = 2*l - 6. Give p(u).
-16
Suppose i = 3*r - 0*i - 16, -23 = -5*r - 2*i. Suppose r*y = y. Let h(o) = -o**2 - o - 6. Calculate h(y).
-6
Let i(x) = -x - 2. Suppose 5*h + 12 = -p + 3*h, p = -4*h - 22. Determine i(p).
0
Let x be 39/18 - (-3)/(-18). Let k(p) = 3*p + 15 - 20 - x*p. Give k(5).
0
Let v be -1 - (-1 - -1) - (-2 - 2). Let o(d) = -4*d**v + 4*d**3 + 2*d**2 - 4*d**2 + 4*d**3 - d. Determine o(2).
22
Let f(w) = 2*w**2 - 1. Let r(c) = 8*c**2 + 3*c - 7. Let z(u) = 5*f(u) - r(u). Calculate z(2).
4
Let f(n) = -9*n - 6. Let j(i) = 13*i + 9. Let l(m) = -7*f(m) - 5*j(m). Let y(x) = 4*x - 7. Let q be y(13). Let v = q + -41. Calculate l(v).
-11
Let h(v) be the first derivative of -v**2/2 + 4*v - 6. Let r be 3*4*(-12)/(-48). What is h(r)?
1
Let w(j) = 14*j**3 + 2*j**2 - 4*j + 29. Let i(v) = 5*v**3 + v**2 - v + 10. Let b(a) = -11*i(a) + 4*w(a). Give b(4).
2
Let m(p) = 83*p + 24. Let w(x) = 11*x. Let g(y) = m(y) - 8*w(y). Give g(3).
9
Suppose -a + 12 = 2*a - 3*c, -3*c - 16 = -4*a. Suppose -5*l + 6 + a = 0. Let t(i) = -i**3 - 2*i**2 + 3*i. Determine t(l).
-10
Let c(h) = 3*h**3 + 4*h**2 - 8*h - 4. Let t(u) be the first derivative of 7*u**4/4 + 8*u**3/3 - 8*u**2 - 7*u - 6. Let x(y) = -5*c(y) + 2*t(y). Calculate x(-5).
-9
Let p(u) = u**2 - 6*u. Let q = -19 + 27. Suppose q = 3*c - c. Determine p(c).
-8
Let r = 19 - 12. Let m(g) be the first derivative of g**4/4 - 7*g**3/3 + 5*g + 157. Determine m(r).
5
Let k(j) be the 